{"id":58,"date":"2020-08-21T13:55:07","date_gmt":"2020-08-21T11:55:07","guid":{"rendered":"http:\/\/sehenswert.biebertaler-bilderbogen.de\/?page_id=58"},"modified":"2026-03-16T12:50:51","modified_gmt":"2026-03-16T11:50:51","slug":"schoen-ist-es-hier","status":"publish","type":"page","link":"https:\/\/sehenswert.bibibo.info\/?page_id=58","title":{"rendered":"Sch\u00f6n ist es hier"},"content":{"rendered":"\n<p>Hier sehen Sie eine unsortierte <strong><a href=\"http:\/\/sehenswert.bibibo.info\/schii-is-hej-eine-bildersammlung\/\" target=\"_blank\" rel=\"noreferrer noopener\">Bildersammlung<\/a><\/strong>, wie die <strong><a href=\"https:\/\/sehenswert.bibibo.info\/?p=2429\" target=\"_blank\" rel=\"noreferrer noopener\">Fr\u00fchlingseindr\u00fccke von Sandra L\u00f6w<\/a><\/strong><\/p>\n\n\n\n<div class=\"wp-block-columns is-layout-flex wp-container-core-columns-is-layout-28f84493 wp-block-columns-is-layout-flex\">\n<div class=\"wp-block-column is-layout-flow wp-block-column-is-layout-flow\">\n<figure class=\"wp-block-image aligncenter size-full\"><img loading=\"lazy\" decoding=\"async\" width=\"170\" height=\"127\" src=\"http:\/\/sehenswert.bibibo.info\/wp-content\/uploads\/2022\/08\/Sophora_japonica_1b.jpg\" alt=\"\" class=\"wp-image-2471\"\/><\/figure>\n<\/div>\n\n\n\n<div class=\"wp-block-column is-layout-flow wp-block-column-is-layout-flow\">\n<figure class=\"wp-block-image size-large\"><img loading=\"lazy\" decoding=\"async\" width=\"1024\" height=\"485\" src=\"http:\/\/sehenswert.bibibo.info\/wp-content\/uploads\/2023\/09\/photo_2023-09-18_17-25-40-1024x485.jpg\" alt=\"\" class=\"wp-image-2532\" srcset=\"https:\/\/sehenswert.bibibo.info\/wp-content\/uploads\/2023\/09\/photo_2023-09-18_17-25-40-1024x485.jpg 1024w, https:\/\/sehenswert.bibibo.info\/wp-content\/uploads\/2023\/09\/photo_2023-09-18_17-25-40-300x142.jpg 300w, https:\/\/sehenswert.bibibo.info\/wp-content\/uploads\/2023\/09\/photo_2023-09-18_17-25-40-768x364.jpg 768w, https:\/\/sehenswert.bibibo.info\/wp-content\/uploads\/2023\/09\/photo_2023-09-18_17-25-40.jpg 1280w\" sizes=\"auto, (max-width: 1024px) 100vw, 1024px\" \/><\/figure>\n<\/div>\n\n\n\n<div class=\"wp-block-column is-layout-flow wp-block-column-is-layout-flow\">\n<figure class=\"wp-block-image size-full\"><img loading=\"lazy\" decoding=\"async\" width=\"1000\" height=\"629\" src=\"http:\/\/sehenswert.bibibo.info\/wp-content\/uploads\/2022\/08\/Weinstock-mit-Fruchtansatz-2020.jpg\" alt=\"\" class=\"wp-image-2467\" srcset=\"https:\/\/sehenswert.bibibo.info\/wp-content\/uploads\/2022\/08\/Weinstock-mit-Fruchtansatz-2020.jpg 1000w, https:\/\/sehenswert.bibibo.info\/wp-content\/uploads\/2022\/08\/Weinstock-mit-Fruchtansatz-2020-300x189.jpg 300w, https:\/\/sehenswert.bibibo.info\/wp-content\/uploads\/2022\/08\/Weinstock-mit-Fruchtansatz-2020-768x483.jpg 768w, https:\/\/sehenswert.bibibo.info\/wp-content\/uploads\/2022\/08\/Weinstock-mit-Fruchtansatz-2020-280x175.jpg 280w\" sizes=\"auto, (max-width: 1000px) 100vw, 1000px\" \/><\/figure>\n<\/div>\n\n\n\n<div class=\"wp-block-column is-layout-flow wp-block-column-is-layout-flow\">\n<figure class=\"wp-block-image size-full\"><img loading=\"lazy\" decoding=\"async\" width=\"1000\" height=\"750\" src=\"http:\/\/sehenswert.bibibo.info\/wp-content\/uploads\/2022\/05\/IMG_20220501_115348_S.-Loew.jpg\" alt=\"\" class=\"wp-image-2432\" srcset=\"https:\/\/sehenswert.bibibo.info\/wp-content\/uploads\/2022\/05\/IMG_20220501_115348_S.-Loew.jpg 1000w, https:\/\/sehenswert.bibibo.info\/wp-content\/uploads\/2022\/05\/IMG_20220501_115348_S.-Loew-300x225.jpg 300w, https:\/\/sehenswert.bibibo.info\/wp-content\/uploads\/2022\/05\/IMG_20220501_115348_S.-Loew-768x576.jpg 768w\" sizes=\"auto, (max-width: 1000px) 100vw, 1000px\" \/><\/figure>\n<\/div>\n<\/div>\n\n\n\n<div class=\"wp-block-columns is-layout-flex wp-container-core-columns-is-layout-28f84493 wp-block-columns-is-layout-flex\">\n<div class=\"wp-block-column is-layout-flow wp-block-column-is-layout-flow\">\n<figure class=\"wp-block-image size-full\"><img loading=\"lazy\" decoding=\"async\" width=\"832\" height=\"724\" src=\"http:\/\/sehenswert.bibibo.info\/wp-content\/uploads\/2026\/03\/Rosenbusch-2026-03-16-124259.png\" alt=\"\" class=\"wp-image-2840\" srcset=\"https:\/\/sehenswert.bibibo.info\/wp-content\/uploads\/2026\/03\/Rosenbusch-2026-03-16-124259.png 832w, https:\/\/sehenswert.bibibo.info\/wp-content\/uploads\/2026\/03\/Rosenbusch-2026-03-16-124259-300x261.png 300w\" sizes=\"auto, (max-width: 832px) 100vw, 832px\" \/><\/figure>\n<\/div>\n\n\n\n<div class=\"wp-block-column is-layout-flow wp-block-column-is-layout-flow\">\n<figure class=\"wp-block-image size-full\"><img loading=\"lazy\" decoding=\"async\" width=\"1000\" height=\"750\" src=\"https:\/\/sehenswert.bibibo.info\/wp-content\/uploads\/2026\/03\/IMG_20220501_Raps-S.-Loew.jpg\" alt=\"\" class=\"wp-image-2841\" srcset=\"https:\/\/sehenswert.bibibo.info\/wp-content\/uploads\/2026\/03\/IMG_20220501_Raps-S.-Loew.jpg 1000w, https:\/\/sehenswert.bibibo.info\/wp-content\/uploads\/2026\/03\/IMG_20220501_Raps-S.-Loew-300x225.jpg 300w\" sizes=\"auto, (max-width: 1000px) 100vw, 1000px\" \/><\/figure>\n<\/div>\n<\/div>\n\n\n\n<div class=\"wp-block-columns is-layout-flex wp-container-core-columns-is-layout-28f84493 wp-block-columns-is-layout-flex\">\n<div class=\"wp-block-column is-layout-flow wp-block-column-is-layout-flow\">\n<figure class=\"wp-block-image aligncenter size-large is-resized\"><img loading=\"lazy\" decoding=\"async\" width=\"576\" height=\"1024\" src=\"http:\/\/sehenswert.bibibo.info\/wp-content\/uploads\/2020\/10\/20200722_084510-576x1024.jpg\" alt=\"\" class=\"wp-image-1968\" style=\"width:317px;height:563px\" srcset=\"https:\/\/sehenswert.bibibo.info\/wp-content\/uploads\/2020\/10\/20200722_084510-576x1024.jpg 576w, https:\/\/sehenswert.bibibo.info\/wp-content\/uploads\/2020\/10\/20200722_084510-169x300.jpg 169w, https:\/\/sehenswert.bibibo.info\/wp-content\/uploads\/2020\/10\/20200722_084510-864x1536.jpg 864w, https:\/\/sehenswert.bibibo.info\/wp-content\/uploads\/2020\/10\/20200722_084510-1152x2048.jpg 1152w, https:\/\/sehenswert.bibibo.info\/wp-content\/uploads\/2020\/10\/20200722_084510-scaled.jpg 1440w\" sizes=\"auto, (max-width: 576px) 100vw, 576px\" \/><\/figure>\n\n\n\n<figure class=\"wp-block-image size-full\"><img loading=\"lazy\" decoding=\"async\" width=\"1000\" height=\"719\" src=\"http:\/\/sehenswert.bibibo.info\/wp-content\/uploads\/2021\/04\/Schluesselblume1.jpg\" alt=\"\" class=\"wp-image-2306\" srcset=\"https:\/\/sehenswert.bibibo.info\/wp-content\/uploads\/2021\/04\/Schluesselblume1.jpg 1000w, https:\/\/sehenswert.bibibo.info\/wp-content\/uploads\/2021\/04\/Schluesselblume1-300x216.jpg 300w, https:\/\/sehenswert.bibibo.info\/wp-content\/uploads\/2021\/04\/Schluesselblume1-768x552.jpg 768w\" sizes=\"auto, (max-width: 1000px) 100vw, 1000px\" \/><\/figure>\n<\/div>\n\n\n\n<div class=\"wp-block-column is-layout-flow wp-block-column-is-layout-flow\">\n<figure class=\"wp-block-image size-large\"><img loading=\"lazy\" decoding=\"async\" width=\"576\" height=\"1024\" src=\"http:\/\/sehenswert.bibibo.info\/wp-content\/uploads\/2020\/10\/20200607_100017-576x1024.jpg\" alt=\"\" class=\"wp-image-1970\" srcset=\"https:\/\/sehenswert.bibibo.info\/wp-content\/uploads\/2020\/10\/20200607_100017-576x1024.jpg 576w, https:\/\/sehenswert.bibibo.info\/wp-content\/uploads\/2020\/10\/20200607_100017-169x300.jpg 169w, https:\/\/sehenswert.bibibo.info\/wp-content\/uploads\/2020\/10\/20200607_100017-864x1536.jpg 864w, https:\/\/sehenswert.bibibo.info\/wp-content\/uploads\/2020\/10\/20200607_100017-1152x2048.jpg 1152w, https:\/\/sehenswert.bibibo.info\/wp-content\/uploads\/2020\/10\/20200607_100017-scaled.jpg 1440w\" sizes=\"auto, (max-width: 576px) 100vw, 576px\" \/><\/figure>\n<\/div>\n<\/div>\n\n\n\n<figure class=\"wp-block-video\"><video height=\"1080\" style=\"aspect-ratio: 1920 \/ 1080;\" width=\"1920\" controls src=\"http:\/\/sehenswert.bibibo.info\/wp-content\/uploads\/2020\/10\/video_2020-07-21_11-30-45-pferde.mp4\"><\/video><\/figure>\n\n\n\n<div class=\"wp-block-columns is-layout-flex wp-container-core-columns-is-layout-28f84493 wp-block-columns-is-layout-flex\">\n<div class=\"wp-block-column is-layout-flow wp-block-column-is-layout-flow\">\n<figure class=\"wp-block-image size-full\"><img loading=\"lazy\" decoding=\"async\" width=\"1000\" height=\"746\" src=\"http:\/\/sehenswert.bibibo.info\/wp-content\/uploads\/2021\/04\/Primeln-2jpg.jpg\" alt=\"\" class=\"wp-image-2305\" srcset=\"https:\/\/sehenswert.bibibo.info\/wp-content\/uploads\/2021\/04\/Primeln-2jpg.jpg 1000w, https:\/\/sehenswert.bibibo.info\/wp-content\/uploads\/2021\/04\/Primeln-2jpg-300x224.jpg 300w, https:\/\/sehenswert.bibibo.info\/wp-content\/uploads\/2021\/04\/Primeln-2jpg-768x573.jpg 768w\" sizes=\"auto, (max-width: 1000px) 100vw, 1000px\" \/><\/figure>\n<\/div>\n\n\n\n<div class=\"wp-block-column is-layout-flow wp-block-column-is-layout-flow\">\n<figure class=\"wp-block-image size-full\"><img loading=\"lazy\" decoding=\"async\" width=\"1000\" height=\"748\" src=\"http:\/\/sehenswert.bibibo.info\/wp-content\/uploads\/2021\/04\/Narzissengarten.jpg\" alt=\"\" class=\"wp-image-2304\" srcset=\"https:\/\/sehenswert.bibibo.info\/wp-content\/uploads\/2021\/04\/Narzissengarten.jpg 1000w, https:\/\/sehenswert.bibibo.info\/wp-content\/uploads\/2021\/04\/Narzissengarten-300x224.jpg 300w, https:\/\/sehenswert.bibibo.info\/wp-content\/uploads\/2021\/04\/Narzissengarten-768x574.jpg 768w\" sizes=\"auto, (max-width: 1000px) 100vw, 1000px\" \/><\/figure>\n<\/div>\n<\/div>\n\n\n\n<div class=\"wp-block-columns is-layout-flex wp-container-core-columns-is-layout-28f84493 wp-block-columns-is-layout-flex\">\n<div class=\"wp-block-column is-layout-flow wp-block-column-is-layout-flow\">\n<figure class=\"wp-block-image size-full\"><img loading=\"lazy\" decoding=\"async\" width=\"1000\" height=\"750\" src=\"http:\/\/sehenswert.bibibo.info\/wp-content\/uploads\/2021\/04\/O-Stern.jpg\" alt=\"\" class=\"wp-image-2311\" srcset=\"https:\/\/sehenswert.bibibo.info\/wp-content\/uploads\/2021\/04\/O-Stern.jpg 1000w, https:\/\/sehenswert.bibibo.info\/wp-content\/uploads\/2021\/04\/O-Stern-300x225.jpg 300w, https:\/\/sehenswert.bibibo.info\/wp-content\/uploads\/2021\/04\/O-Stern-768x576.jpg 768w\" sizes=\"auto, (max-width: 1000px) 100vw, 1000px\" \/><\/figure>\n\n\n\n<figure class=\"wp-block-image size-large\"><img loading=\"lazy\" decoding=\"async\" width=\"1024\" height=\"768\" src=\"http:\/\/sehenswert.bibibo.info\/wp-content\/uploads\/2021\/01\/Riesen-Gallerttraene.jpg-1000-1024x768.jpg\" alt=\"\" class=\"wp-image-2215\" srcset=\"https:\/\/sehenswert.bibibo.info\/wp-content\/uploads\/2021\/01\/Riesen-Gallerttraene.jpg-1000-1024x768.jpg 1024w, https:\/\/sehenswert.bibibo.info\/wp-content\/uploads\/2021\/01\/Riesen-Gallerttraene.jpg-1000-300x225.jpg 300w, https:\/\/sehenswert.bibibo.info\/wp-content\/uploads\/2021\/01\/Riesen-Gallerttraene.jpg-1000-768x576.jpg 768w, https:\/\/sehenswert.bibibo.info\/wp-content\/uploads\/2021\/01\/Riesen-Gallerttraene.jpg-1000.jpg 1174w\" sizes=\"auto, (max-width: 1024px) 100vw, 1024px\" \/><\/figure>\n<\/div>\n\n\n\n<div class=\"wp-block-column is-layout-flow wp-block-column-is-layout-flow\">\n<figure class=\"wp-block-image size-full\"><img loading=\"lazy\" decoding=\"async\" width=\"1000\" height=\"946\" src=\"http:\/\/sehenswert.bibibo.info\/wp-content\/uploads\/2021\/04\/Anemonenhase.jpg\" alt=\"\" class=\"wp-image-2303\" srcset=\"https:\/\/sehenswert.bibibo.info\/wp-content\/uploads\/2021\/04\/Anemonenhase.jpg 1000w, https:\/\/sehenswert.bibibo.info\/wp-content\/uploads\/2021\/04\/Anemonenhase-300x284.jpg 300w, https:\/\/sehenswert.bibibo.info\/wp-content\/uploads\/2021\/04\/Anemonenhase-768x727.jpg 768w\" sizes=\"auto, (max-width: 1000px) 100vw, 1000px\" \/><\/figure>\n<\/div>\n\n\n\n<div class=\"wp-block-column is-layout-flow wp-block-column-is-layout-flow\">\n<figure class=\"wp-block-image size-large\"><img loading=\"lazy\" decoding=\"async\" width=\"1024\" height=\"768\" src=\"http:\/\/sehenswert.bibibo.info\/wp-content\/uploads\/2021\/01\/Rote-Rose-1024x768.jpg\" alt=\"\" class=\"wp-image-2216\" srcset=\"https:\/\/sehenswert.bibibo.info\/wp-content\/uploads\/2021\/01\/Rote-Rose-1024x768.jpg 1024w, https:\/\/sehenswert.bibibo.info\/wp-content\/uploads\/2021\/01\/Rote-Rose-300x225.jpg 300w, https:\/\/sehenswert.bibibo.info\/wp-content\/uploads\/2021\/01\/Rote-Rose-768x576.jpg 768w, https:\/\/sehenswert.bibibo.info\/wp-content\/uploads\/2021\/01\/Rote-Rose.jpg 1174w\" sizes=\"auto, (max-width: 1024px) 100vw, 1024px\" \/><\/figure>\n\n\n\n<figure class=\"wp-block-image size-full\"><img loading=\"lazy\" decoding=\"async\" width=\"1000\" height=\"750\" src=\"http:\/\/sehenswert.bibibo.info\/wp-content\/uploads\/2021\/01\/Borke.jpg-1000.jpg\" alt=\"\" class=\"wp-image-2207\" srcset=\"https:\/\/sehenswert.bibibo.info\/wp-content\/uploads\/2021\/01\/Borke.jpg-1000.jpg 1000w, https:\/\/sehenswert.bibibo.info\/wp-content\/uploads\/2021\/01\/Borke.jpg-1000-300x225.jpg 300w, https:\/\/sehenswert.bibibo.info\/wp-content\/uploads\/2021\/01\/Borke.jpg-1000-768x576.jpg 768w\" sizes=\"auto, (max-width: 1000px) 100vw, 1000px\" \/><figcaption class=\"wp-element-caption\">OLYMPUS DIGITAL CAMERA<\/figcaption><\/figure>\n<\/div>\n<\/div>\n","protected":false},"excerpt":{"rendered":"<p>Hier sehen Sie eine unsortierte Bildersammlung, wie die Fr\u00fchlingseindr\u00fccke von Sandra L\u00f6w<\/p>\n","protected":false},"author":6,"featured_media":0,"parent":0,"menu_order":0,"comment_status":"closed","ping_status":"closed","template":"","meta":{"inspiro_hide_title":false,"footnotes":""},"class_list":["post-58","page","type-page","status-publish","hentry"],"_links":{"self":[{"href":"https:\/\/sehenswert.bibibo.info\/index.php?rest_route=\/wp\/v2\/pages\/58","targetHints":{"allow":["GET"]}}],"collection":[{"href":"https:\/\/sehenswert.bibibo.info\/index.php?rest_route=\/wp\/v2\/pages"}],"about":[{"href":"https:\/\/sehenswert.bibibo.info\/index.php?rest_route=\/wp\/v2\/types\/page"}],"author":[{"embeddable":true,"href":"https:\/\/sehenswert.bibibo.info\/index.php?rest_route=\/wp\/v2\/users\/6"}],"replies":[{"embeddable":true,"href":"https:\/\/sehenswert.bibibo.info\/index.php?rest_route=%2Fwp%2Fv2%2Fcomments&post=58"}],"version-history":[{"count":10,"href":"https:\/\/sehenswert.bibibo.info\/index.php?rest_route=\/wp\/v2\/pages\/58\/revisions"}],"predecessor-version":[{"id":2842,"href":"https:\/\/sehenswert.bibibo.info\/index.php?rest_route=\/wp\/v2\/pages\/58\/revisions\/2842"}],"wp:attachment":[{"href":"https:\/\/sehenswert.bibibo.info\/index.php?rest_route=%2Fwp%2Fv2%2Fmedia&parent=58"}],"curies":[{"name":"wp","href":"https:\/\/api.w.org\/{rel}","templated":true}]}}